hat is the remainder when 1816365 is divided by 678?
3
Calculate the remainder when 134135 is divided by 3624.
47
What is the remainder when 18661 is divided by 6186?
103
What is the remainder when 9386001 is divided by 119?
114
What is the remainder when 266204 is divided by 809?
43
What is the remainder when 1968397 is divided by 218707?
34
Calculate the remainder when 945817 is divided by 1930.
117
Calculate the remainder when 2885477 is divided by 360627.
461
Calculate the remainder when 130342556 is divided by 200527.
6
What is the remainder when 4069237 is divided by 813847?
2
Calculate the remainder when 305852 is divided by 3121.
3115
Calculate the remainder when 13297968 is divided by 2140.
8
What is the remainder when 3751039 is divided by 64?
63
What is the remainder when 106407 is divided by 94?
93
Calculate the remainder when 248151019 is divided by 494.
493
Calculate the remainder when 1664231 is divided by 2451.
2
What is the remainder when 223540 is divided by 862?
282
What is the remainder when 78832439 is divided by 1222?
1219
What is the remainder when 267631 is divided by 1388?
1135
Calculate the remainder when 21213 is divided by 1363.
768
Calculate the remainder when 1198153 is divided by 9585.
28
Calculate the remainder when 90300 is divided by 3449.
626
Calculate the remainder when 1035041 is divided by 86248.
65
What is the remainder when 154881 is divided by 1649?
1524
What is the remainder when 68893837 is divided by 7621?
7618
Calculate the remainder when 934363 is divided by 311446.
25
Calculate the remainder when 1379147 is divided by 12.
11
What is the remainder when 3256574 is divided by 232?
222
Calculate the remainder when 59287 is divided by 179.
38
Calculate the remainder when 2288826 is divided by 1595.
1
Calculate the remainder when 51318 is divided by 16560.
1638
What is the remainder when 73572560 is divided by 1552?
0
What is the remainder when 289708 is divided by 288935?
773
What is the remainder when 485617 is divided by 32?
17
What is the remainder when 231414165 is divided by 58?
23
What is the remainder when 2943399 is divided by 147166?
79
Calculate the remainder when 224645 is divided by 3407.
3190
What is the remainder when 148941511 is divided by 144?
7
What is the remainder when 2462809 is divided by 2805?
19
What is the remainder when 17169939 is divided by 1247?
1243
What is the remainder when 54585 is divided by 635?
610
What is the remainder when 981461 is divided by 295?
291
What is the remainder when 92415275 is divided by 29?
18
What is the remainder when 7528530 is divided by 342205?
20
What is the remainder when 29270595 is divided by 107?
103
Calculate the remainder when 25848478 is divided by 502.
498
Calculate the remainder when 1069880 is divided by 32.
24
What is the remainder when 603411 is divided by 2?
1
Calculate the remainder when 452043739 is divided by 7144.
7139
Calculate the remainder when 774880 is divided by 387434.
12
Calculate the remainder when 50376 is divided by 2965.
2936
Calculate the remainder when 2738355 is divided by 48899.
11
Calculate the remainder when 73235530 is divided by 46293.
4
Calculate the remainder when 328356 is divided by 7581.
2373
What is the remainder when 34369309 is divided by 389?
381
What is the remainder when 53177727 is divided by 13294426?
23
What is the remainder when 578593 is divided by 3385?
3143
What is the remainder when 81673 is divided by 628?
33
What is the remainder when 64959 is divided by 101?
16
Calculate the remainder when 10614608 is divided by 1857.
1853
What is the remainder when 606940 is divided by 50?
40
Calculate the remainder when 11671669 is divided by 168.
37
Calculate the remainder when 2243423 is divided by 95.
93
Calculate the remainder when 477280 is divided by 2726.
230
What is the remainder when 333343690 is divided by 46?
44
Calculate the remainder when 6813393 is divided by 1030.
973
What is the remainder when 3231140 is divided by 127?
6
What is the remainder when 2053343 is divided by 293334?
5
What is the remainder when 20858 is divided by 6949?
11
Calculate the remainder when 4096909 is divided by 4096694.
215
Calculate the remainder when 78271763 is divided by 7.
3
Calculate the remainder when 155358062 is divided by 4765.
2
Calculate the remainder when 14099 is divided by 23.
0
Calculate the remainder when 197386 is divided by 272.
186
Calculate the remainder when 2015124 is divided by 349.
347
What is the remainder when 3204171 is divided by 112?
75
What is the remainder when 212131409 is divided by 1791?
1787
Calculate the remainder when 132058 is divided by 971.
2
Calculate the remainder when 1148294 is divided by 314.
310
Calculate the remainder when 81502 is divided by 153.
106
Calculate the remainder when 18717138 is divided by 4543.
4521
What is the remainder when 4631649 is divided by 211?
199
What is the remainder when 54500 is divided by 1961?
1553
What is the remainder when 42880377 is divided by 1691?
1690
Calculate the remainder when 473959 is divided by 167.
13
Calculate the remainder when 2058062 is divided by 69.
68
What is the remainder when 3011141 is divided by 125464?
5
Calculate the remainder when 2224948 is divided by 25.
23
What is the remainder when 15815582 is divided by 3601?
3591
Calculate the remainder when 1106683 is divided by 1058.
15
What is the remainder when 100273 is divided by 19980?
373
Calculate the remainder when 966185 is divided by 241528.
73
What is the remainder when 2668780 is divided by 667132?
252
What is the remainder when 69967537 is divided by 14?
3
What is the remainder when 73850624 is divided by 2073?
2072
Calculate the remainder when 2404344 is divided by 56.
40
Calculate the remainder when 55670301 is divided by 5308.
5305
Calculate the remainder when 22337625 is divided by 6.
3
Calculate the remainder when 134745 is divided by 1316.
513
What is the remainder when 333438 is divided by 134?
46
Calculate the remainder when 9304 is divided by 3044.
172
What is the remainder when 206940 is divided by 60?
0
Calculate the remainder when 4532143 is divided by 10229.
696
What is the remainder when 116268 is divided by 236?
156
What is the remainder when 114772503 is divided by 96?
87
What is the remainder when 14096739 is divided by 288?
3
What is the remainder when 18298127 is divided by 633?
629
What is the remainder when 5522742 is divided by 1840583?
993
What is the remainder when 227618 is divided by 4463?
5
What is the remainder when 178203513 is divided by 32?
25
Calculate the remainder when 32059392 is divided by 1235.
27
What is the remainder when 3127804 is divided by 1076?
948
Calculate the remainder when 1781608 is divided by 1636.
4
Calculate the remainder when 575532 is divided by 35.
27
Calculate the remainder when 3812293 is divided by 953068.
21
Calculate the remainder when 5765803 is divided by 117.
43
Calculate the remainder when 927673 is divided by 4425.
2848
What is the remainder when 1509263 is divided by 106?
35
Calculate the remainder when 218622 is divided by 11502.
84
Calculate the remainder when 64892 is divided by 4626.
128
What is the remainder when 199289 is divided by 22126?
155
What is the remainder when 264489 is divided by 1461?
48
Calculate the remainder when 21983 is divided by 3639.
149
Calculate the remainder when 1255600 is divided by 209266.
4
What is the remainder when 10357176 is divided by 109?
105
Calculate the remainder when 2017731 is divided by 2895.
2811
Calculate the remainder when 873671 is divided by 4964.
7
Calculate the remainder when 825416 is divided by 74952.
944
What is the remainder when 73868940 is divided by 3572?
3552
What is the remainder when 532320 is divided by 44214?
1752
What is the remainder when 2682070 is divided by 536264?
750
What is the remainder when 29878939 is divided by 40?
19
Calculate the remainder when 19159 is divided by 319.
19
What is the remainder when 1650997 is divided by 550306?
79
Calculate the remainder when 401048 is divided by 7291.
43
What is the remainder when 9463715 is divided by 36?
35
What is the remainder when 149067918 is divided by 4040?
4038
What is the remainder when 19649610 is divided by 1198?
14
What is the remainder when 21679 is divided by 